{"version":"1.0","provider_name":"COLEGIO BICENTENARIO NUEVA ESPERANZA","provider_url":"https:\/\/cbne.cl\/wpCNE","author_name":"COLEGIO BICENTENARIO NUEVA ESPERANZA","author_url":"https:\/\/cbne.cl\/wpCNE","title":"D\u00eda contra el Trabajo Infantil - COLEGIO BICENTENARIO NUEVA ESPERANZA","type":"rich","width":600,"height":338,"html":"<blockquote class=\"wp-embedded-content\" data-secret=\"r87IIf2p5e\"><a href=\"https:\/\/cbne.cl\/wpCNE\/dia-contra-el-trabajo-infantil\/\">D\u00eda contra el Trabajo Infantil<\/a><\/blockquote><iframe sandbox=\"allow-scripts\" security=\"restricted\" src=\"https:\/\/cbne.cl\/wpCNE\/dia-contra-el-trabajo-infantil\/embed\/#?secret=r87IIf2p5e\" width=\"600\" height=\"338\" title=\"\u00abD\u00eda contra el Trabajo Infantil\u00bb \u2014 COLEGIO BICENTENARIO NUEVA ESPERANZA\" data-secret=\"r87IIf2p5e\" frameborder=\"0\" marginwidth=\"0\" marginheight=\"0\" scrolling=\"no\" class=\"wp-embedded-content\"><\/iframe><script type=\"text\/javascript\">\n\/* <![CDATA[ *\/\n\/*! This file is auto-generated *\/\n!function(d,l){\"use strict\";l.querySelector&&d.addEventListener&&\"undefined\"!=typeof URL&&(d.wp=d.wp||{},d.wp.receiveEmbedMessage||(d.wp.receiveEmbedMessage=function(e){var t=e.data;if((t||t.secret||t.message||t.value)&&!\/[^a-zA-Z0-9]\/.test(t.secret)){for(var s,r,n,a=l.querySelectorAll('iframe[data-secret=\"'+t.secret+'\"]'),o=l.querySelectorAll('blockquote[data-secret=\"'+t.secret+'\"]'),c=new RegExp(\"^https?:$\",\"i\"),i=0;i<o.length;i++)o[i].style.display=\"none\";for(i=0;i<a.length;i++)s=a[i],e.source===s.contentWindow&&(s.removeAttribute(\"style\"),\"height\"===t.message?(1e3<(r=parseInt(t.value,10))?r=1e3:~~r<200&&(r=200),s.height=r):\"link\"===t.message&&(r=new URL(s.getAttribute(\"src\")),n=new URL(t.value),c.test(n.protocol))&&n.host===r.host&&l.activeElement===s&&(d.top.location.href=t.value))}},d.addEventListener(\"message\",d.wp.receiveEmbedMessage,!1),l.addEventListener(\"DOMContentLoaded\",function(){for(var e,t,s=l.querySelectorAll(\"iframe.wp-embedded-content\"),r=0;r<s.length;r++)(t=(e=s[r]).getAttribute(\"data-secret\"))||(t=Math.random().toString(36).substring(2,12),e.src+=\"#?secret=\"+t,e.setAttribute(\"data-secret\",t)),e.contentWindow.postMessage({message:\"ready\",secret:t},\"*\")},!1)))}(window,document);\n\/\/# sourceURL=https:\/\/cbne.cl\/wpCNE\/wp-includes\/js\/wp-embed.min.js\n\/* ]]> *\/\n<\/script>\n","description":"El 12 de junio del a\u00f1o 2002, la Organizaci\u00f3n Internacional del Trabajo (OIT) instituy\u00f3 el primer d\u00eda contra el Trabajo Infantil, con el objetivo de sensibilizar al mundo sobre la grave situaci\u00f3n de explotaci\u00f3n y maltrato de ni\u00f1os, ni\u00f1as y adolescentes involucrados en el \u00e1mbito laboral.","thumbnail_url":"https:\/\/colegionuevaesperanza.cl\/wpCNE\/wp-content\/uploads\/2022\/06\/Dia-mundial-contra-el-trabajo-infantil-1024x1024.jpg"}

Día contra el Trabajo Infantil - COLEGIO BICENTENARIO NUEVA ESPERANZA

<blockquote class="wp-embedded-content" data-secret="r87IIf2p5e"><a href="https://cbne.cl/wpCNE/dia-contra-el-trabajo-infantil/">Día contra el Trabajo Infantil</a></blockquote><iframe sandbox="allow-scripts" security="restricted" src="https://cbne.cl/wpCNE/dia-contra-el-trabajo-infantil/embed/#?secret=r87IIf2p5e" width="600" height="338" title="«Día contra el Trabajo Infantil» — COLEGIO BICENTENARIO NUEVA ESPERANZA" data-secret="r87IIf2p5e" frameborder="0" marginwidth="0" marginheight="0" scrolling="no" class="wp-embedded-content"></iframe><script type="text/javascript">
/* <![CDATA[ */
/*! This file is auto-generated */
!function(d,l){"use strict";l.querySelector&&d.addEventListener&&"undefined"!=typeof URL&&(d.wp=d.wp||{},d.wp.receiveEmbedMessage||(d.wp.receiveEmbedMessage=function(e){var t=e.data;if((t||t.secret||t.message||t.value)&&!/[^a-zA-Z0-9]/.test(t.secret)){for(var s,r,n,a=l.querySelectorAll('iframe[data-secret="'+t.secret+'"]'),o=l.querySelectorAll('blockquote[data-secret="'+t.secret+'"]'),c=new RegExp("^https?:$","i"),i=0;i<o.length;i++)o[i].style.display="none";for(i=0;i<a.length;i++)s=a[i],e.source===s.contentWindow&&(s.removeAttribute("style"),"height"===t.message?(1e3<(r=parseInt(t.value,10))?r=1e3:~~r<200&&(r=200),s.height=r):"link"===t.message&&(r=new URL(s.getAttribute("src")),n=new URL(t.value),c.test(n.protocol))&&n.host===r.host&&l.activeElement===s&&(d.top.location.href=t.value))}},d.addEventListener("message",d.wp.receiveEmbedMessage,!1),l.addEventListener("DOMContentLoaded",function(){for(var e,t,s=l.querySelectorAll("iframe.wp-embedded-content"),r=0;r<s.length;r++)(t=(e=s[r]).getAttribute("data-secret"))||(t=Math.random().toString(36).substring(2,12),e.src+="#?secret="+t,e.setAttribute("data-secret",t)),e.contentWindow.postMessage({message:"ready",secret:t},"*")},!1)))}(window,document);
//# sourceURL=https://cbne.cl/wpCNE/wp-includes/js/wp-embed.min.js
/* ]]> */
</script>

El 12 de junio del año 2002, la Organización Internacional del Trabajo (OIT) instituyó el primer día contra el Trabajo Infantil, con el objetivo de sensibilizar al mundo sobre la grave situación de explotación y maltrato de niños, niñas y adolescentes involucrados en el ámbito laboral.
